the millions digit of 4216100?
4
What is the hundreds digit of 423732?
7
What is the ten thousands digit of 5643570?
4
What is the thousands digit of 7235611?
5
What is the hundred thousands digit of 1601582?
6
What is the ten thousands digit of 186570?
8
What is the millions digit of 3124129?
3
What is the tens digit of 1489936?
3
What is the ten thousands digit of 221648?
2
What is the hundred thousands digit of 757268?
7
What is the hundred thousands digit of 114863?
1
What is the hundreds digit of 31346?
3
What is the ten thousands digit of 4768283?
6
What is the hundred thousands digit of 26947356?
9
What is the ten thousands digit of 115679?
1
What is the hundred thousands digit of 532496?
5
What is the hundred thousands digit of 105792?
1
What is the ten thousands digit of 1866241?
6
What is the tens digit of 224847?
4
What is the thousands digit of 111735?
1
What is the thousands digit of 129539?
9
What is the hundreds digit of 4327660?
6
What is the ten thousands digit of 363414?
6
What is the hundred thousands digit of 235100?
2
What is the thousands digit of 3053020?
3
What is the ten thousands digit of 16600046?
0
What is the hundreds digit of 722214?
2
What is the units digit of 90587?
7
What is the thousands digit of 309821?
9
What is the hundreds digit of 16169564?
5
What is the thousands digit of 164837?
4
What is the thousands digit of 190926?
0
What is the hundred thousands digit of 549671?
5
What is the hundred thousands digit of 11192838?
1
What is the tens digit of 239183?
8
What is the units digit of 2705226?
6
What is the millions digit of 1835827?
1
What is the ten thousands digit of 10908699?
0
What is the tens digit of 1642705?
0
What is the hundreds digit of 10604423?
4
What is the tens digit of 32529081?
8
What is the tens digit of 783792?
9
What is the units digit of 1429452?
2
What is the units digit of 14470436?
6
What is the tens digit of 11189719?
1
What is the hundreds digit of 2095718?
7
What is the units digit of 200531?
1
What is the hundred thousands digit of 115290?
1
What is the units digit of 544366?
6
What is the tens digit of 8035481?
8
What is the thousands digit of 7066839?
6
What is the thousands digit of 1871719?
1
What is the units digit of 187373?
3
What is the thousands digit of 3544273?
4
What is the hundred thousands digit of 16399139?
3
What is the ten thousands digit of 1132628?
3
What is the thousands digit of 151915?
1
What is the tens digit of 11559644?
4
What is the hundreds digit of 551559?
5
What is the ten thousands digit of 3838479?
3
What is the units digit of 234198?
8
What is the millions digit of 2229666?
2
What is the millions digit of 4524798?
4
What is the ten thousands digit of 4521965?
2
What is the tens digit of 1555851?
5
What is the millions digit of 7350895?
7
What is the tens digit of 302833?
3
What is the hundred thousands digit of 2002141?
0
What is the hundred thousands digit of 3320563?
3
What is the units digit of 420911?
1
What is the units digit of 2879397?
7
What is the ten thousands digit of 1152691?
5
What is the hundred thousands digit of 2443955?
4
What is the tens digit of 72777?
7
What is the tens digit of 876705?
0
What is the ten thousands digit of 25778?
2
What is the tens digit of 346496?
9
What is the ten thousands digit of 3753298?
5
What is the ten thousands digit of 20762412?
6
What is the thousands digit of 522689?
2
What is the hundreds digit of 325410?
4
What is the hundred thousands digit of 100030?
1
What is the hundreds digit of 2739996?
9
What is the hundred thousands digit of 1546203?
5
What is the hundreds digit of 115198?
1
What is the ten thousands digit of 2065365?
6
What is the thousands digit of 335325?
5
What is the tens digit of 610399?
9
What is the tens digit of 57395?
9
What is the hundreds digit of 191551?
5
What is the millions digit of 1778021?
1
What is the ten thousands digit of 292462?
9
What is the thousands digit of 14524710?
4
What is the tens digit of 4709338?
3
What is the hundreds digit of 4475922?
9
What is the thousands digit of 1129219?
9
What is the thousands digit of 618184?
8
What is the tens digit of 7174850?
5
What is the hundreds digit of 38006904?
9
What is the hundred thousands digit of 195321?
1
What is the tens digit of 227001?
0
What is the units digit of 4912600?
0
What is the tens digit of 699336?
3
What is the tens digit of 96668?
6
What is the tens digit of 267705?
0
What is the hundreds digit of 1150876?
8
What is the millions digit of 3465011?
3
What is the tens digit of 478796?
9
What is the hundred thousands digit of 142846?
1
What is the ten thousands digit of 447757?
4
What is the hundred thousands digit of 879295?
8
What is the thousands digit of 234808?
4
What is the hundred thousands digit of 3238069?
2
What is the ten thousands digit of 6941363?
4
What is the thousands digit of 126098?
6
What is the hundreds digit of 6233088?
0
What is the hundred thousands digit of 234449?
2
What is the millions digit of 11236853?
1
What is the hundreds digit of 12106304?
3
What is the units digit of 140795?
5
What is the millions digit of 13629698?
3
What is the thousands digit of 215753?
5
What is the tens digit of 76503?
0
What is the thousands digit of 3422210?
2
What is the thousands digit of 104052?
4
What is the units digit of 33465?
5
What is the units digit of 11180260?
0
What is the tens digit of 263845?
4
What is the thousands digit of 726546?
6
What is the units digit of 76803?
3
What is the millions digit of 3103822?
3
What is the hundreds digit of 681872?
8
What is the millions digit of 2194956?
2
What is the thousands digit of 2672945?
2
What is the units digit of 2126628?
8
What is the thousands digit of 4267793?
7
What is the ten thousands digit of 914652?
1
What is the hundred thousands digit of 952029?
9
What is the units digit of 1432121?
1
What is the hundred thousands digit of 8066443?
0
What is the ten thousands digit of 3803053?
0
What is the thousands digit of 60726?
0
What is the ten thousands digit of 1271314?
7
What is the hundred thousands digit of 1383117?
3
What is the ten thousands digit of 210840?
1
What is the tens digit of 2217942?
4
What is the thousands digit of 4456595?
6
What is the millions digit of 7702073?
7
What is the thousands digit of 230659?
0
What is the hundreds digit of 330654?
6
What is the ten thousands digit of 1115496?
1
What is the hundreds digit of 971566?
5
What is the hundred thousands digit of 1219053?
2
What is the thousands digit of 1071024?
1
What is the units digit of 1339500?
0
What is the units digit of 595116?
6
What is the thousands digit of 628351?
8
What is the tens digit of 276465?
6
What is the hundreds digit of 1167261?
2
What is the hundred thousands digit of 608450?
6
What is the ten thousands digit of 4447036?
4
What is the hundred thousands digit of 1997080?
9
What is the units digit of 133538?
8
What is the millions digit of 1414651?
1
What is the hundred thousands digit of 216370?
2
What is the ten thousands digit of 5316394?
1
What is the ten thousands digit of 3539699?
3
What is the tens digit of 476904?
0
What is the units digit of 20493799?
9
What is the ten thousands digit of 27913882?
1
What is the ten thousands digit of 6060717?
6
What is the units digit of 161692?
2
What is the hundreds digit of 149674?
6
What is the units digit of 302321?
1
What is the ten thousands digit of 10363035?
6
What is the tens digit of 8346656?
5
What is the hundred thousands digit of 170400?
1
What is the thousands digit of 392476?
2
What is the units digit of 777520?
0
What is the units digit of 4707495?
5
What is the thousands digit of 214714?
4
What is the hundred thousands digit of 5735848?
7
What is the hundreds digit of 225429?
4
What is the units digit of 159440?
0
What is the hundred thousands digit of 3793439?
7
What is the ten thousands digit of 1897569?
9
What is the tens digit of 695052?
5
What is the tens digit of 551689?
8
What is the units digit of 105650?
0
What is the tens digit of 307325?
2
What is the thousands digit of 935553?
5
What is the units digit of 162694?
4
What is the ten millions digit of 16231753?
1
What is the hundred thousands digit of 173854?
1
What is the units digit of 1176087?
7
What is the thousands 